e 0 = -2*g + x + 4 + 7, -5*x + 25 = 0. What is the units digit of g?
8
Suppose -5*r - 5*g + 235 + 115 = 0, 0 = r + 3*g - 68. What is the tens digit of r?
7
Let i(m) = 7*m**2 - 3*m - 3. Let a be i(3). Suppose -t - 2*t = -a. What is the units digit of t?
7
Let g = -42 - -92. What is the units digit of g?
0
What is the units digit of -67*(1 - 0)*-1?
7
Suppose -674 = -4*n - 2. What is the tens digit of n?
6
Let w(s) be the first derivative of 11*s**2/2 - s - 4. Let l be w(-1). Let k = l - -18. What is the units digit of k?
6
Let c(u) = u**3 + 8*u**2 + 7*u - 7. What is the units digit of c(-6)?
3
What is the units digit of -2 - ((-1 - 2) + -18)?
9
Suppose 2 = -z + 3. What is the units digit of z?
1
Let w(m) = -5*m**2 - 13*m + 17. Let o(u) = 2*u**2 + 7*u - 9. Let t(v) = -7*o(v) - 3*w(v). What is the tens digit of t(10)?
1
Let h = 92 + -61. What is the units digit of h?
1
Let p(r) = -2*r**3 + 5*r + 2. What is the units digit of p(-3)?
1
Let p(i) = i**2 - 8*i + 5. Let g be 1 + (-2 + 2)/(-1). Let q(s) = -s + 1. Let b(r) = g*q(r) + p(r). What is the units digit of b(9)?
6
Suppose 0*c - 4*c + 5*j + 208 = 0, -3*c + 2*j + 149 = 0. What is the units digit of c?
7
Let s be (-1)/2 + 15/2. Let a be 1/7 - (-117)/63. Suppose -s*c + a*c = 10, x - 25 = 4*c. What is the units digit of x?
7
Let s be ((-2)/(-6))/(1/9). Suppose 0 = -0*h + s*h - 6. Let v = 4 - h. What is the units digit of v?
2
Suppose -2*p - 5*q = -p + 10, 4*q = 5*p - 37. Suppose p*w + 0*g - 43 = -2*g, 0 = 3*w - 3*g - 9. What is the units digit of w?
7
Let r(o) = o**2 - 3*o + 5. Let c = 3 - -1. What is the units digit of r(c)?
9
Let a be (-1)/((-3)/30*2). Suppose -4*r - a = -4*u + 5*u, -3*r = 3*u + 15. What is the units digit of r + -1 + -2 + 11?
8
Suppose r - 16 = -3*r. What is the units digit of r?
4
Suppose b + 467 = 4*m, 5*m - 4*m + 2*b = 110. What is the units digit of m?
6
Let f(l) = l**3 - l**2 - l + 26. Let s be f(0). Suppose 3*r + s = 4*r - 4*w, -46 = -3*r + 4*w. What is the tens digit of r?
1
Let t be -1 + 2 + -1 - 20. Suppose -4*a + 8*a + 52 = 0. Let n = a - t. What is the units digit of n?
7
Let q be ((-6)/5)/((-8)/20). Suppose -q*z + z = -2*x + 8, 0 = 4*x + 3*z - 51. What is the units digit of 78/x - 2/3?
8
Let x = 3 - -8. Suppose -5*i + 2*s + 3 = -1, x = -2*i + 5*s. Suppose -3 = i*n - 5*n. What is the units digit of n?
1
Let t(i) = -i**2 - 6*i - 8. Let k be t(-7). Let v be (-1)/(-3) + (-100)/k. Let b = v + -1. What is the units digit of b?
6
Let q = 16 + -10. What is the units digit of q?
6
Let f = 0 + -10. What is the units digit of (-34)/f - 10/25?
3
Suppose 3*a + 5 = 5*g, 4*g + 0*g = 5*a + 4. What is the units digit of (g*-3)/(2/(-6))?
9
Suppose -4*n - n = 0. Suppose -3*z = 6 - n, -5*z = 5*f - 55. What is the tens digit of f?
1
Suppose 3*x - 4*w - 41 = 29, -5*x + w + 111 = 0. What is the units digit of x?
2
Let u(q) = 7*q - 3. Let k be -2*((-1)/(-2) + -2). What is the units digit of u(k)?
8
Let w be (-1 - -6)/(2/6). Suppose 0 = -4*u + 12, -w - 6 = -3*n + 5*u. What is the tens digit of n?
1
Let z be (-4)/(-12) + 28/6. Suppose 2*g - 1 = z*y + 9, -26 = -2*g - 3*y. What is the units digit of g?
0
Let v(n) be the first derivative of n**4/4 - 5*n**3/3 + 3*n**2 - 4*n - 1. What is the units digit of v(4)?
4
Let y(j) = -j**3 - 9*j**2 + 8*j + 8. What is the units digit of y(-11)?
2
Let i(l) be the second derivative of 7*l**3/6 - l**2/2 - 2*l. Let b be i(1). Suppose 81 = 5*j + b. What is the units digit of j?
5
Let f = 39 + -21. Suppose -2*y = -5*y + f. What is the units digit of y?
6
Suppose -8*q + 5*q + 78 = 0. What is the tens digit of q?
2
Let i = -174 + 207. What is the units digit of i?
3
Suppose p - 6*p = -4*i - 70, 0 = p - 2. Let z = -10 - i. Suppose -19 = -3*q + z. What is the units digit of q?
8
Let c = 13 + -9. Let v be ((-1 - 2) + 64)*1. Suppose 5*f - 21 = -u, -f - v = -c*u + 2*f. What is the tens digit of u?
1
Suppose -21 = -o + 21. What is the tens digit of o?
4
Let o(p) = -p + 2. Suppose -5*i + 10*i = 0. Let a be o(i). Let d = a - -1. What is the units digit of d?
3
Let y be 668/10 - 2/(-10). Suppose -5*a + 2*d = -y, -2*a + 20 + 4 = 2*d. What is the units digit of a?
3
Suppose 2*r = 4*j + 75 - 233, 3*j - 101 = -2*r. What is the units digit of j?
7
Let m(n) = 3*n**2 - 4*n - 18. What is the tens digit of m(6)?
6
Let w(a) = 3*a**2 - 2*a + 1. What is the tens digit of w(4)?
4
Let a be 0 + (-5)/(15/(-18)). Let j(r) = -9*r**2 - 19*r + 1. Let u(b) = -5*b**2 - 10*b. Let z(h) = a*j(h) - 11*u(h). What is the units digit of z(5)?
1
Let o(f) = -12*f + 6. Let d be o(-5). Suppose a - 4*a - 3*s = -36, -d = -3*a + 3*s. What is the units digit of a?
7
Let z(w) = w**2 + 2*w + 3. Let l be z(-7). Let k = l + -21. What is the tens digit of k?
1
What is the units digit of 807/(-4)*40/(-30)?
9
Let g = -22 + 93. What is the tens digit of g?
7
Let g(s) = 7*s**2 - 3 + 0*s**3 - 20*s + s**3 + 8*s. What is the units digit of g(-8)?
9
Let f(i) = -8*i**3 + i**2 - 5*i - 7. What is the tens digit of f(-3)?
3
Let p(g) = g**3 - 2*g**2 - 2*g + 2. Let r be (2 + -3)/(1/(-2)). Suppose -2 + 4 = 4*s + r*o, -4*s + 2*o + 22 = 0. What is the units digit of p(s)?
5
Suppose -j = -87 + 26. What is the tens digit of j?
6
Let b(y) = y**2 - 2*y + 2. Let q(h) = h**2 - 6*h + 7. Let j be q(5). What is the units digit of b(j)?
2
Suppose -n - 10 = 2*z, 5*z + 4*n + 18 + 1 = 0. Let l = 9 + z. What is the units digit of l?
2
What is the tens digit of (-1120)/(-17) - 8/(-68)?
6
Let l(z) = z**2 - 7*z - 6. Let w be l(8). Suppose 4*h + 4 = w*x - 4, -h + 42 = 5*x. What is the units digit of x?
8
Suppose 4*y - 148 = -v + 5*v, 5*y - 177 = v. What is the units digit of y?
5
Let k(r) = r**2 - 2*r - 8. Let f be k(6). Suppose 0*y + 2*y - f = 0. Let t = -5 + y. What is the units digit of t?
3
Suppose -3*u + 57 = -627. What is the units digit of u?
8
Let g = 39 - 13. Suppose -4*s - 6 = -g. What is the units digit of s?
5
Suppose -4*t + 92 = b, 2 = -3*t - 4. What is the units digit of b?
0
Let c be 1*5 - (5 - 3). Suppose p - c*p = 2, 34 = -4*j - 2*p. What is the units digit of j/(-28) - 122/(-14)?
9
Suppose -2*q = -0*q. Suppose q = r - 2*r + 3. What is the units digit of 2/r + (-57)/(-9)?
7
Suppose 5*r - 30 = -3*t, 0*r = 2*t + r - 13. Suppose 74 + 186 = t*x. What is the tens digit of x?
5
Let t = -6 + 23. Let q = t - -11. What is the tens digit of q?
2
Suppose 5*d + 0*w + 2*w = -5, -4*d + 2*w + 14 = 0. Let x be 0 - 4/(d/1). What is the units digit of (-2 + -2)*1/x?
1
What is the tens digit of (959/28 - -1)/(6/16)?
9
Let j(b) = b**3 + 10*b**2 + 4*b + 22. What is the units digit of j(-7)?
1
Let c = -13 + 27. What is the tens digit of c?
1
Let z(l) = -l**2 + 18*l + 1. What is the units digit of z(8)?
1
Let t(o) = o**3 - 16*o**2 - 27*o - 10. What is the units digit of t(18)?
2
Let k(p) = p - 13. Let q = 14 + -4. Let b be k(q). What is the units digit of (-4 - -11)/((-1)/b)?
1
Let w(k) = k**2. Let l(b) = 3*b**2 - 9*b - 8. Let h(i) = -l(i) + 4*w(i). Let q be h(-7). What is the units digit of (0 - (-1)/(-2))*q?
3
Suppose 2*a - a = 64. Let i = a + -42. What is the units digit of i?
2
Let g(r) = 2*r**2 - 5*r + 2. Let v be g(3). Let p = v + 0. What is the tens digit of (0 + (4 - 2))*p?
1
Suppose -5*l - 2*a = -246 - 94, 3*a = 0. What is the units digit of l?
8
Let u(z) = -z - 1. Let c be u(-4). Suppose q = y + c - 9, -3*q - 10 = y. Suppose -13 = -y*m + 19. What is the units digit of m?
6
Suppose k = 4*y - 0*k - 152, k + 190 = 5*y. What is the units digit of y?
8
Let r(b) be the first derivative of b**3/3 - 5*b**2 + 4*b - 1. Let j be r(10). Suppose -21 = l - j*l. What is the units digit of l?
7
Let b = 24 + -22. Suppose 5*w + 2*q - q - 44 = 0, b*w - 5*q = 23. What is the units digit of w?
9
Let t = -5 + 13. What is the units digit of t?
8
Suppose -4*n + 84 = 4*k, 45 = 5*k + n - 44. What is the tens digit of (k - 2)/((-6)/(-4))?
1
Let n be -3 - -4*6/(-8). Let v = 20 + n. What is the units digit of v?
4
Suppose 0 = -2*x + 2*i + 112, -5*i + 98 = 5*x - 3*x. What is the tens digit of x?
5
Let s(n) = n**3 - 7*n**2 + 4. Let l be s(7). Let f = 11 - l. What is the units digit of f?
7
What is the units digit of (342/(-15))/(3/(-15))?
4
Let j(c) = -c**2 + 12*c + 12. What is the units digit of j(11)?
3
Let t = -4 - -7. Let d be ((-12)/(-15))/(t/15). What is the units di